{"id":3362,"date":"2016-04-24T22:55:02","date_gmt":"2016-04-24T21:55:02","guid":{"rendered":"http:\/\/www.podialab.com\/?page_id=3362"},"modified":"2017-03-28T15:01:19","modified_gmt":"2017-03-28T14:01:19","slug":"chaussures-de-securite","status":"publish","type":"page","link":"https:\/\/www.podialab.com\/index.php\/chaussures-de-securite\/","title":{"rendered":"Chaussures de s\u00e9curit\u00e9"},"content":{"rendered":"<p>[vc_row full_width=\u00a0\u00bbstretch_row\u00a0\u00bb css=\u00a0\u00bb.vc_custom_1461534872534{padding-top: 100px !important;padding-bottom: 100px !important;background-color: #ffffff !important;}\u00a0\u00bb][vc_column][vc_custom_heading text=\u00a0\u00bbChaussures de s\u00e9curit\u00e9 :\u00a0\u00bb font_container=\u00a0\u00bbtag:h1|font_size:44|text_align:center|color:%230a0a0a|line_height:1&Prime; use_theme_fonts=\u00a0\u00bbyes\u00a0\u00bb][vc_empty_space height=\u00a0\u00bb40&Prime;][vc_row_inner equal_height=\u00a0\u00bbyes\u00a0\u00bb css=\u00a0\u00bb.vc_custom_1456148051953{margin-top: 0px !important;}\u00a0\u00bb][vc_column_inner width=\u00a0\u00bb1\/2&Prime; css=\u00a0\u00bb.vc_custom_1461534879685{background-color: #ffffff !important;}\u00a0\u00bb][vc_single_image image=\u00a0\u00bb3492&Prime; img_size=\u00a0\u00bb480&#215;450&Prime; alignment=\u00a0\u00bbcenter\u00a0\u00bb][\/vc_column_inner][vc_column_inner width=\u00a0\u00bb1\/2&Prime; css=\u00a0\u00bb.vc_custom_1461534890949{padding-right: 35px !important;padding-left: 35px !important;background-color: #ffffff !important;}\u00a0\u00bb][vc_empty_space height=\u00a0\u00bb15&Prime;][vc_column_text]<\/p>\n<p style=\"text-align: justify;\">Nous r\u00e9alisons et concevons des chaussures de s\u00e9curit\u00e9 en demi-mesure et des chaussures de s\u00e9curit\u00e9 th\u00e9rapeutiques sur mesure. Ces chaussures sont utilis\u00e9es lorsque les chaussures de s\u00e9curit\u00e9 de s\u00e9rie ne sont plus suffisantes ou ne correspondent pas aux pieds de leurs porteurs.<\/p>\n<p style=\"text-align: justify;\">Nos chaussures r\u00e9pondent \u00e0 la norme europ\u00e9enne DIN EN 20344\/20345\u00a0: 2012.<\/p>\n<p style=\"text-align: justify;\">Les orth\u00e8ses plantaires sont syst\u00e9matiquement r\u00e9alis\u00e9es apr\u00e8s un bilan postural et podologique. Elles sont ensuite adapt\u00e9es dans les chaussures.<\/p>\n<p style=\"text-align: justify;\">Un devis peut \u00eatre \u00e9tabli aupr\u00e8s de votre employeur apr\u00e8s une consultation avec un podo-orth\u00e9siste.<\/p>\n<p>[\/vc_column_text][\/vc_column_inner][\/vc_row_inner][\/vc_column][\/vc_row]<\/p>\n","protected":false},"excerpt":{"rendered":"<p>[vc_row full_width=\u00a0\u00bbstretch_row\u00a0\u00bb css=\u00a0\u00bb.vc_custom_1461534872534{padding-top: 100px !important;padding-bottom: 100px !important;background-color: #ffffff !important;}\u00a0\u00bb][vc_column][vc_custom_heading text=\u00a0\u00bbChaussures de s\u00e9curit\u00e9 :\u00a0\u00bb font_container=\u00a0\u00bbtag:h1|font_size:44|text_align:center|color:%230a0a0a|line_height:1&Prime; use_theme_fonts=\u00a0\u00bbyes\u00a0\u00bb][vc_empty_space height=\u00a0\u00bb40&Prime;][vc_row_inner equal_height=\u00a0\u00bbyes\u00a0\u00bb css=\u00a0\u00bb.vc_custom_1456148051953{margin-top: 0px !important;}\u00a0\u00bb][vc_column_inner width=\u00a0\u00bb1\/2&Prime; css=\u00a0\u00bb.vc_custom_1461534879685{background-color: #ffffff !important;}\u00a0\u00bb][vc_single_image image=\u00a0\u00bb3492&Prime; img_size=\u00a0\u00bb480&#215;450&Prime; alignment=\u00a0\u00bbcenter\u00a0\u00bb][\/vc_column_inner][vc_column_inner width=\u00a0\u00bb1\/2&Prime; css=\u00a0\u00bb.vc_custom_1461534890949{padding-right: 35px !important;padding-left: 35px !important;background-color: #ffffff !important;}\u00a0\u00bb][vc_empty_space height=\u00a0\u00bb15&Prime;][vc_column_text] Nous r\u00e9alisons et concevons des chaussures de s\u00e9curit\u00e9 en demi-mesure et des chaussures de s\u00e9curit\u00e9 th\u00e9rapeutiques sur mesure. Ces [&hellip;]<\/p>\n","protected":false},"author":1,"featured_media":0,"parent":0,"menu_order":0,"comment_status":"closed","ping_status":"closed","template":"","meta":[],"_links":{"self":[{"href":"https:\/\/www.podialab.com\/index.php\/wp-json\/wp\/v2\/pages\/3362"}],"collection":[{"href":"https:\/\/www.podialab.com\/index.php\/wp-json\/wp\/v2\/pages"}],"about":[{"href":"https:\/\/www.podialab.com\/index.php\/wp-json\/wp\/v2\/types\/page"}],"author":[{"embeddable":true,"href":"https:\/\/www.podialab.com\/index.php\/wp-json\/wp\/v2\/users\/1"}],"replies":[{"embeddable":true,"href":"https:\/\/www.podialab.com\/index.php\/wp-json\/wp\/v2\/comments?post=3362"}],"version-history":[{"count":10,"href":"https:\/\/www.podialab.com\/index.php\/wp-json\/wp\/v2\/pages\/3362\/revisions"}],"predecessor-version":[{"id":3701,"href":"https:\/\/www.podialab.com\/index.php\/wp-json\/wp\/v2\/pages\/3362\/revisions\/3701"}],"wp:attachment":[{"href":"https:\/\/www.podialab.com\/index.php\/wp-json\/wp\/v2\/media?parent=3362"}],"curies":[{"name":"wp","href":"https:\/\/api.w.org\/{rel}","templated":true}]}}