{"id":3469,"date":"2016-04-26T09:43:30","date_gmt":"2016-04-26T08:43:30","guid":{"rendered":"http:\/\/www.podialab.com\/?page_id=3469"},"modified":"2016-08-01T13:54:47","modified_gmt":"2016-08-01T12:54:47","slug":"mentions-legales","status":"publish","type":"page","link":"https:\/\/www.podialab.com\/index.php\/mentions-legales\/","title":{"rendered":"mentions-legales"},"content":{"rendered":"<p>[vc_row][vc_column][\/vc_column][\/vc_row][vc_row][vc_column][vc_column_text]<span style=\"color: #99cc00;\"><b>INFORMATIONS G\u00c9N\u00c9RALES<\/b><\/span><\/p>\n<p>Conform\u00e9ment \u00e0 la loi n\u00b02004-575 du 21 juin 2004 pour la confiance dans l\u2019\u00e9conomie num\u00e9rique, veuillez trouver ci-dessous les informations sur la soci\u00e9t\u00e9 PODIALAB :<\/p>\n<p>Le site podialab.com est la propri\u00e9t\u00e9 de la soci\u00e9t\u00e9 <b>Podialab<\/b> au capital de 5000 \u20ac, dont le si\u00e8ge social est situ\u00e9 au : 12 clos Fleuri 77470 TRILPORT, inscrite au Registre du Commerce et des Soci\u00e9t\u00e9s de Meaux sous le num\u00e9ro R.C.S. 814\u00a0182 283 00022<\/p>\n<p><b>G\u00e9rant :<\/b><\/p>\n<p>Thomas VALLOIS<\/p>\n<p>&nbsp;<\/p>\n<p><span style=\"color: #99cc00;\"><b>H\u00c9BERGEMENT<\/b><\/span><\/p>\n<p>L\u2019ensemble du site est h\u00e9berg\u00e9 par la soci\u00e9t\u00e9 OVH\u00a0:<\/p>\n<p>SAS au capital de 10\u00a0059\u00a0500\u00a0\u20ac<\/p>\n<p>RCS Lille M\u00e9tropole 424 761 419 00045<\/p>\n<p>Code APE 6202A<\/p>\n<p>N\u00b0 TVA : FR 22 424 761 419<\/p>\n<p>Si\u00e8ge social : 2 rue Kellermann \u2013 59100 Roubaix \u2013 France.<\/p>\n<p>&nbsp;<\/p>\n<p>&nbsp;<\/p>\n<p><span style=\"color: #99cc00;\"><b>WEBDESIGN<\/b><\/span><\/p>\n<p>Cr\u00e9ation et d\u00e9veloppement du site internet : LuJa \u2013 Studio de Design Graphique &amp; Web \u00e0 Lille<\/p>\n<p>&nbsp;<\/p>\n<p>&nbsp;<\/p>\n<p><span style=\"color: #99cc00;\"><b>CONDITIONS D\u2019UTILISATION<\/b><\/span><\/p>\n<p>Le visiteur du site podialab.com reconna\u00eet avoir eu la possibilit\u00e9 de prendre connaissance des conditions d\u2019utilisation de ce site.<\/p>\n<p>Le visiteur reconna\u00eet en particulier :<\/p>\n<p>La soci\u00e9t\u00e9 Podialab s\u2019efforce de communiquer sur le site accessible \u00e0 l\u2019adresse <a href=\"http:\/\/www.podialab.com\">http:\/\/www.podialab.com<\/a> des informations exactes et actualis\u00e9es. Toutefois, les informations diffus\u00e9es ne sont pas contractuelles et ne constituent ni une garantie ni un engagement de la part de Podialab \u00e0 l\u2019\u00e9gard de tout produit, service ou prestation pr\u00e9sent\u00e9 sur ce site.<\/p>\n<p>La soci\u00e9t\u00e9 Podialab ne saurait \u00eatre tenue pour responsable de l\u2019inexactitude des informations fournies ou de l\u2019utilisation susceptible d\u2019\u00eatre faite par les utilisateurs. La soci\u00e9t\u00e9 Podialab d\u00e9cline \u00e9galement toute responsabilit\u00e9 pour toute interruption du site, pour la survenance de bogues ou de virus et pour tous dommages directs ou indirects r\u00e9sultant de l\u2019acc\u00e8s aux informations du site.<\/p>\n<p>Le Propri\u00e9taire et l\u2019Editeur signalent que le site peut inclure des liens vers d\u2019autres sites Web ou d\u2019autres sources Internet. Dans la mesure o\u00f9 ces derniers ne peuvent contr\u00f4ler ces sites et ces sources externes, ils ne peuvent \u00eatre tenus pour responsable de la mise \u00e0 disposition de ces sites et sources externes et ne peuvent supporter aucune responsabilit\u00e9 quant au contenu de ces sites ou sources externes de quelque mani\u00e8re que ce soit.<\/p>\n<p>&nbsp;<\/p>\n<p>&nbsp;<\/p>\n<p><span style=\"color: #99cc00;\"><b>DROIT DE PROPRI\u00c9T\u00c9 INTELLECTUELLE<\/b><\/span><\/p>\n<p>Le site podialab.com, ainsi que tout logiciel utilis\u00e9 n\u00e9cessairement en relation avec celui-ci, peut contenir des informations confidentielles et prot\u00e9g\u00e9es par le Code de Propri\u00e9t\u00e9 Intellectuelle. Le Propri\u00e9taire et l\u2019Editeur ne conc\u00e8dent \u00e0 travers ce site aucune licence, ni aucun droit autre que celui de consulter ou d\u2019utiliser le site pour le strict usage auquel il est destin\u00e9.<\/p>\n<p>Podialab est propri\u00e9taire des droits de propri\u00e9t\u00e9 intellectuelle ou d\u00e9tient les droits d\u2019usage sur tous les \u00e9l\u00e9ments accessibles sur le site, notamment les textes, images, graphismes, logo, ic\u00f4nes, sons, logiciels.<\/p>\n<p>Toute reproduction, repr\u00e9sentation, modification, publication, adaptation de tout ou partie des \u00e9l\u00e9ments du site, quel que soit le moyen ou le proc\u00e9d\u00e9 utilis\u00e9, est interdite, sauf autorisation \u00e9crite pr\u00e9alable de Podialab.<\/p>\n<p>Toute exploitation non autoris\u00e9e du site ou de l\u2019un quelconque des \u00e9l\u00e9ments qu\u2019il contient sera consid\u00e9r\u00e9e comme constitutive d\u2019une contrefa\u00e7on et poursuivie conform\u00e9ment aux dispositions des articles L.335-2 et suivants du Code de Propri\u00e9t\u00e9 Intellectuelle.<\/p>\n<p>De m\u00eame les utilisateurs du site podialab.com ne peuvent mettre en place un hyperlien en direction de ce site sans l\u2019autorisation expresse et pr\u00e9alable du Propri\u00e9taire. A cet \u00e9gard, le fait pour le Propri\u00e9taire de ne pas exercer ou d\u2019exercer avec retard un droit ou un recours ne constituera pas une renonciation \u00e0 ce droit ou \u00e0 ce recours. Le Propri\u00e9taire pourra exercer tout droit ou tout recours aussi longtemps qu\u2019elle le jugera n\u00e9cessaire et \u00e0 tout moment.<\/p>\n<p>&nbsp;<\/p>\n<p>&nbsp;<\/p>\n<p><span style=\"color: #99cc00;\"><b>INFORMATIQUE ET LIBERT\u00c9S<\/b><\/span><\/p>\n<p>L\u2019utilisateur du site podialab.com est inform\u00e9 que les informations qu\u2019il communique par ses r\u00e9ponses aux formulaires \u00e9lectroniques se trouvant sur le site sont n\u00e9cessaires pour permettre le traitement de ses demandes et sont destin\u00e9es au Propri\u00e9taire en vue de r\u00e9pondre aux demandes des utilisateurs de permettre au Propri\u00e9taire de transmettre \u00e0 l\u2019utilisateur des communications institutionnelles.<\/p>\n<p>L\u2019utilisateur est inform\u00e9 qu\u2019il dispose d\u2019un droit d\u2019acc\u00e8s et de rectification portant sur l\u2019ensemble des donn\u00e9es le concernant en \u00e9crivant au Directeur de Publication, \u00e0 l\u2019adresse suivante :<\/p>\n<p>Podialab, 1 rue des Tourelles, 75020 Paris<\/p>\n<p>T\u00e9l\u00e9phone : 09 82 59 25 25<\/p>\n<p>Email : contact@podialab.com<\/p>\n<p>&nbsp;<\/p>\n<p>&nbsp;<\/p>\n<p><strong><span style=\"color: #99cc00;\">COOKIES<\/span><\/strong><\/p>\n<p>Lors de vos visites sur le site, un cookie peut s\u2019installer automatiquement sur votre navigateur. Un cookie est un fichier de petite taille, qui ne permet pas l\u2019identification de l\u2019utilisateur, mais qui enregistre des informations relatives \u00e0 la navigation d\u2019un ordinateur sur un site. Les donn\u00e9es ainsi obtenues visent \u00e0 faciliter la navigation ult\u00e9rieure sur le site, et ont \u00e9galement vocation \u00e0 permettre diverses mesures de fr\u00e9quentation.<\/p>\n<p>Vous pouvez vous opposer \u00e0 l\u2019enregistrement de cookies ou \u00eatre pr\u00e9venu avant d\u2019accepter les cookies, en configurant votre navigateur.[\/vc_column_text][\/vc_column][\/vc_row]<\/p>\n","protected":false},"excerpt":{"rendered":"<p>[vc_row][vc_column][\/vc_column][\/vc_row][vc_row][vc_column][vc_column_text]INFORMATIONS G\u00c9N\u00c9RALES Conform\u00e9ment \u00e0 la loi n\u00b02004-575 du 21 juin 2004 pour la confiance dans l\u2019\u00e9conomie num\u00e9rique, veuillez trouver ci-dessous les informations sur la soci\u00e9t\u00e9 PODIALAB : Le site podialab.com est la propri\u00e9t\u00e9 de la soci\u00e9t\u00e9 Podialab au capital de 5000 \u20ac, dont le si\u00e8ge social est situ\u00e9 au : 12 clos Fleuri 77470 TRILPORT, [&hellip;]<\/p>\n","protected":false},"author":1,"featured_media":0,"parent":0,"menu_order":0,"comment_status":"closed","ping_status":"closed","template":"","meta":[],"_links":{"self":[{"href":"https:\/\/www.podialab.com\/index.php\/wp-json\/wp\/v2\/pages\/3469"}],"collection":[{"href":"https:\/\/www.podialab.com\/index.php\/wp-json\/wp\/v2\/pages"}],"about":[{"href":"https:\/\/www.podialab.com\/index.php\/wp-json\/wp\/v2\/types\/page"}],"author":[{"embeddable":true,"href":"https:\/\/www.podialab.com\/index.php\/wp-json\/wp\/v2\/users\/1"}],"replies":[{"embeddable":true,"href":"https:\/\/www.podialab.com\/index.php\/wp-json\/wp\/v2\/comments?post=3469"}],"version-history":[{"count":8,"href":"https:\/\/www.podialab.com\/index.php\/wp-json\/wp\/v2\/pages\/3469\/revisions"}],"predecessor-version":[{"id":3632,"href":"https:\/\/www.podialab.com\/index.php\/wp-json\/wp\/v2\/pages\/3469\/revisions\/3632"}],"wp:attachment":[{"href":"https:\/\/www.podialab.com\/index.php\/wp-json\/wp\/v2\/media?parent=3469"}],"curies":[{"name":"wp","href":"https:\/\/api.w.org\/{rel}","templated":true}]}}